 is the highest common factor of 219 and 261559?
73
Calculate the greatest common factor of 81 and 75303.
27
What is the greatest common divisor of 28899 and 4275?
171
What is the greatest common divisor of 1217220 and 60?
60
What is the greatest common factor of 2397 and 305541?
51
Calculate the highest common divisor of 540350 and 101.
101
What is the greatest common divisor of 1257 and 26816?
419
Calculate the greatest common factor of 64 and 9709888.
64
Calculate the highest common divisor of 1197 and 276906.
399
What is the greatest common divisor of 60 and 465096?
12
Calculate the highest common factor of 15539 and 6064.
379
What is the highest common divisor of 381 and 195?
3
What is the greatest common factor of 22324834 and 14?
14
What is the greatest common divisor of 1794569 and 103?
103
Calculate the greatest common divisor of 118 and 20826646.
118
Calculate the greatest common factor of 1096 and 92.
4
Calculate the greatest common factor of 8773 and 1767.
31
What is the greatest common factor of 1139930 and 22?
22
What is the highest common divisor of 638 and 83897?
319
What is the highest common factor of 567 and 106407?
189
Calculate the highest common divisor of 1712540 and 20.
20
Calculate the highest common divisor of 62 and 185566.
62
What is the highest common factor of 17280 and 3120?
240
Calculate the highest common divisor of 797815 and 5.
5
Calculate the highest common divisor of 13456 and 7424.
464
Calculate the greatest common factor of 14832 and 192.
48
What is the greatest common divisor of 416768 and 44?
44
What is the highest common factor of 28725 and 6511?
383
What is the highest common divisor of 162 and 39150?
54
What is the greatest common factor of 294 and 370?
2
Calculate the greatest common divisor of 1058688 and 16.
16
What is the greatest common factor of 180 and 6212655?
45
What is the highest common factor of 2416 and 4077?
151
Calculate the highest common factor of 371952 and 405.
81
Calculate the highest common divisor of 5353 and 1431.
53
What is the highest common divisor of 125146 and 1225?
49
Calculate the highest common divisor of 75205 and 1235.
65
Calculate the greatest common factor of 10574 and 646.
34
Calculate the greatest common divisor of 8016 and 1344.
48
What is the highest common factor of 4 and 8492?
4
What is the highest common divisor of 24 and 360900?
12
Calculate the greatest common divisor of 120927 and 519.
519
What is the highest common factor of 35 and 242578?
7
Calculate the highest common factor of 27 and 721197.
27
What is the highest common divisor of 899393 and 121?
121
Calculate the greatest common divisor of 3968 and 8556.
124
Calculate the highest common divisor of 423498 and 24.
6
Calculate the greatest common factor of 14145 and 8280.
345
Calculate the greatest common factor of 603 and 15156.
9
What is the highest common divisor of 644 and 4501?
7
What is the greatest common factor of 399 and 1319892?
399
What is the highest common factor of 864 and 1817328?
48
Calculate the greatest common divisor of 26 and 1447342.
26
Calculate the greatest common divisor of 77416 and 168.
8
What is the highest common factor of 249 and 350841?
249
Calculate the greatest common factor of 970738 and 376.
94
What is the highest common divisor of 4712 and 328?
8
What is the greatest common factor of 3453 and 27?
3
Calculate the highest common factor of 1105 and 17459.
221
What is the greatest common divisor of 1604 and 1024?
4
What is the highest common divisor of 133 and 8569?
19
What is the greatest common divisor of 84 and 6554604?
84
What is the highest common factor of 200 and 46040?
40
Calculate the highest common factor of 10571 and 99.
11
Calculate the highest common factor of 73640 and 56.
56
Calculate the highest common divisor of 60 and 243520.
20
Calculate the greatest common factor of 5340 and 448026.
534
What is the highest common factor of 573988 and 3128?
1564
What is the greatest common factor of 19080 and 81?
9
What is the greatest common divisor of 406943 and 1119?
373
What is the greatest common factor of 29 and 1295111?
29
Calculate the highest common factor of 71064 and 567.
189
Calculate the greatest common factor of 720 and 298560.
240
Calculate the highest common factor of 95515 and 280.
35
Calculate the highest common factor of 450548 and 56.
28
What is the greatest common divisor of 17875 and 572?
143
Calculate the greatest common factor of 2680 and 4556.
268
What is the highest common divisor of 847462 and 154?
154
Calculate the greatest common factor of 3696 and 22428.
84
What is the highest common factor of 7233 and 2?
1
What is the highest common divisor of 624064 and 2450?
98
What is the greatest common divisor of 143684 and 2516?
68
Calculate the highest common divisor of 396 and 1836.
36
Calculate the highest common divisor of 6109 and 4768.
149
Calculate the greatest common factor of 352 and 205600.
32
Calculate the highest common divisor of 127134 and 378.
126
Calculate the highest common divisor of 10535 and 85015.
245
Calculate the greatest common factor of 69305 and 2490.
415
What is the greatest common divisor of 24 and 115734?
6
Calculate the highest common divisor of 384 and 601728.
384
What is the greatest common factor of 1830 and 4980?
30
What is the greatest common factor of 4425 and 14691?
177
What is the greatest common factor of 48 and 31362?
6
What is the greatest common factor of 228588 and 1548?
516
Calculate the greatest common factor of 2037 and 141135.
291
Calculate the highest common factor of 7464 and 1320195.
933
Calculate the greatest common factor of 478 and 7550966.
478
Calculate the greatest common factor of 146496 and 336.
336
Calculate the highest common divisor of 81666 and 78.
78
What is the greatest common divisor of 23 and 17457?
23
What is the greatest common factor of 490446 and 396?
198
What is the highest common factor of 8275 and 100?
25
Calculate the highest common divisor of 204250 and 665.
95
Calculate the highest common factor of 86 and 32551.
43
What is the greatest common divisor of 8037 and 2907?
171
What is the greatest common factor of 126 and 49?
7
What is the highest common factor of 6490 and 1086426?
1298
What is the greatest common factor of 20822 and 464?
58
Calculate the highest common factor of 23772 and 7.
7
What is the highest common factor of 176073 and 114?
57
What is the highest common divisor of 17613 and 2508?
57
What is the greatest common divisor of 290434 and 38?
38
Calculate the highest common factor of 665 and 20330.
95
Calculate the highest common divisor of 33 and 1625228.
11
What is the highest common factor of 715 and 21905?
65
Calculate the highest common divisor of 9686 and 1508.
58
Calculate the highest common factor of 240 and 18930.
30
Calculate the highest common factor of 33638 and 594.
22
What is the highest common factor of 405 and 56340?
45
Calculate the greatest common divisor of 85872 and 432.
48
What is the greatest common divisor of 330363 and 33?
33
Calculate the highest common divisor of 4825 and 1225.
25
What is the highest common factor of 47325 and 75?
75
Calculate the highest common factor of 54 and 77562.
18
Calculate the highest common divisor of 206425 and 2645.
115
Calculate the greatest common divisor of 271755 and 55.
55
What is the highest common factor of 345 and 22245?
15
Calculate the greatest common divisor of 3388 and 139876.
484
What is the highest common factor of 60291 and 72?
9
What is the greatest common factor of 1904 and 71876?
476
What is the greatest common factor of 8349 and 231?
33
Calculate the greatest common divisor of 161135 and 670.
335
Calculate the highest common divisor of 78 and 3679468.
26
What is the highest common factor of 7332 and 15145?
13
Calculate the greatest common divisor of 663728 and 832.
208
What is the greatest common factor of 42 and 8364?
6
Calculate the highest common divisor of 63 and 125699.
7
What is the greatest common divisor of 4307485 and 455?
455
Calculate the highest common factor of 97406 and 1582.
226
Calculate the greatest common divisor of 3472 and 9856.
112
What is the highest common divisor of 328755 and 2170?
1085
What is the highest common factor of 18 and 28962?
18
Calculate the greatest co